{"id":231,"date":"2023-03-08T12:06:46","date_gmt":"2023-03-08T12:06:46","guid":{"rendered":"https:\/\/nixlarge.com\/?page_id=231"},"modified":"2023-03-08T12:17:13","modified_gmt":"2023-03-08T12:17:13","slug":"nixlarge-privacy-policy","status":"publish","type":"page","link":"https:\/\/nixlarge.com\/index.php\/nixlarge-privacy-policy\/","title":{"rendered":"nixLARGE Privacy Policy"},"content":{"rendered":"\t\t<div data-elementor-type=\"wp-page\" data-elementor-id=\"231\" class=\"elementor elementor-231\" data-elementor-post-type=\"page\">\n\t\t\t\t\t\t<section class=\"elementor-section elementor-top-section elementor-element elementor-element-cae9ad7 elementor-section-boxed elementor-section-height-default elementor-section-height-default\" data-id=\"cae9ad7\" data-element_type=\"section\" data-e-type=\"section\">\n\t\t\t\t\t\t<div class=\"elementor-container elementor-column-gap-default\">\n\t\t\t\t\t<div class=\"elementor-column elementor-col-100 elementor-top-column elementor-element elementor-element-67c9b57\" data-id=\"67c9b57\" data-element_type=\"column\" data-e-type=\"column\">\n\t\t\t<div class=\"elementor-widget-wrap elementor-element-populated\">\n\t\t\t\t\t\t<div class=\"elementor-element elementor-element-6fa464d elementor-widget elementor-widget-text-editor\" data-id=\"6fa464d\" data-element_type=\"widget\" data-e-type=\"widget\" data-widget_type=\"text-editor.default\">\n\t\t\t\t<div class=\"elementor-widget-container\">\n\t\t\t\t\t\t\t\t\t<p><a href=\"https:\/\/nixlarge.com\/\"><span style=\"color: #000000;\">X<\/span><\/a><\/p>\t\t\t\t\t\t\t\t<\/div>\n\t\t\t\t<\/div>\n\t\t\t\t<div class=\"elementor-element elementor-element-7eb5e90 elementor-widget elementor-widget-text-editor\" data-id=\"7eb5e90\" data-element_type=\"widget\" data-e-type=\"widget\" data-widget_type=\"text-editor.default\">\n\t\t\t\t<div class=\"elementor-widget-container\">\n\t\t\t\t\t\t\t\t\t<h1><strong>nixLARGE Privacy Policy<\/strong><\/h1><p>Wir verstehen, dass Ihnen Ihre Privatsph\u00e4re wichtig ist und dass es Ihnen wichtig ist, wie Ihre Informationen online verwendet und weitergegeben werden. Wir respektieren und sch\u00e4tzen die Privatsph\u00e4re aller, die diese Website besuchen, www.nixlarge.com (\u201ein folge Website\u201c), und werden personenbezogene Daten nur auf die hier beschriebene Weise und in einer Weise sammeln und verwenden, die mit unseren Verpflichtungen und den gesetzlichen Rechten im Einklang steht.<\/p><p>Bitte lesen Sie diese Datenschutzrichtlinie sorgf\u00e4ltig durch und stellen Sie sicher, dass Sie sie verstehen. Es wird davon ausgegangen, dass Sie diese Datenschutzrichtlinie akzeptieren, wenn Sie unsere Website zum ersten Mal nutzen. Wenn Sie diese Datenschutzrichtlinie nicht akzeptieren und ihnen nicht zustimmen, m\u00fcssen Sie die Nutzung unserer Website sofort einstellen.<\/p><p>Diese Datenschutzrichtlinie gilt nur f\u00fcr unsere Website. Unsere Website kann Links zu anderen Websites enthalten. Bitte beachten Sie, dass wir keine Kontrolle dar\u00fcber haben, wie Ihre Informationen von anderen Websites gesammelt, gespeichert oder verwendet werden, und wir empfehlen Ihnen, die Datenschutzrichtlinien solcher Websites zu \u00fcberpr\u00fcfen, bevor Sie Ihre Daten zur Verf\u00fcgung stellen.<\/p><p><b>Informationen, Die Wir Sammeln<\/b><\/p><p>Wir k\u00f6nnen die folgenden Daten \u00fcber Sie sammeln und verarbeiten:<\/p><p>\u2022 Informationen, die Sie bei der Registrierung auf unserer Website angeben.<\/p><p>\u2022 Alle anderen Informationen, die Sie uns senden m\u00f6chten.<\/p><p>\u2022 Wir verwenden keine Analysen auf dieser Website.<\/p><p><b>Wie Wir Ihre Informationen Verwenden<\/b><\/p><p>Wir werden Ihre Informationen nur verwenden, um es uns zu erm\u00f6glichen, die von Ihnen angeforderten Dienste zu erbringen, und f\u00fcr andere Zwecke, die wir Ihnen von Zeit zu Zeit beschreiben k\u00f6nnen.<\/p><p><b>Offenlegung Ihrer Informationen<\/b><\/p><p>Wir k\u00f6nnen Informationen \u00fcber Sie an unsere Mitarbeiter, leitenden Angestellten, Vertreter, Lieferanten oder Subunternehmer weitergeben, soweit dies f\u00fcr die in dieser Datenschutzrichtlinie dargelegten Zwecke vern\u00fcnftigerweise erforderlich ist.<\/p><p><b>Wir k\u00f6nnen Ihre pers\u00f6nlichen Daten an Dritte weitergeben:<\/b><\/p><p>F\u00fcr den Fall, dass wir ein Unternehmen oder Verm\u00f6genswerte verkaufen oder kaufen, k\u00f6nnen wir in diesem Fall Ihre personenbezogenen Daten an den potenziellen Verk\u00e4ufer oder K\u00e4ufer dieses Unternehmens oder dieser Verm\u00f6genswerte weitergeben.<\/p><p>Wenn wir oder im Wesentlichen alle unsere Verm\u00f6genswerte von einem Dritten erworben werden, in diesem Fall sind die von uns gespeicherten personenbezogenen Daten \u00fcber unsere Kunden eines der \u00fcbertragenen Verm\u00f6genswerte.<\/p><p><b>Internationale Daten\u00fcbertragungen<\/b><\/p><p>Informationen, die wir sammeln, k\u00f6nnen in jedem der L\u00e4nder, in denen wir t\u00e4tig sind, gespeichert und verarbeitet und zwischen diesen \u00fcbertragen werden, damit wir die Informationen in \u00dcbereinstimmung mit dieser Datenschutzrichtlinie verwenden k\u00f6nnen.<\/p><p><b>Links von Drittanbietern<\/b><\/p><p>Unsere Website kann Links zu anderen Websites enthalten. Bitte beachten Sie, dass wir keine Kontrolle dar\u00fcber haben, wie Ihre Informationen auf anderen Websites gesammelt, gespeichert oder verwendet werden.<\/p>\t\t\t\t\t\t\t\t<\/div>\n\t\t\t\t<\/div>\n\t\t\t\t\t<\/div>\n\t\t<\/div>\n\t\t\t\t\t<\/div>\n\t\t<\/section>\n\t\t\t\t<\/div>\n\t\t","protected":false},"excerpt":{"rendered":"<p>X nixLARGE Privacy Policy Wir verstehen, dass Ihnen Ihre Privatsph\u00e4re wichtig ist und dass es Ihnen wichtig ist, wie Ihre Informationen online verwendet und weitergegeben werden. Wir respektieren und sch\u00e4tzen die Privatsph\u00e4re aller, die diese Website besuchen, www.nixlarge.com (\u201ein folge Website\u201c), und werden personenbezogene Daten nur auf die hier beschriebene Weise und in einer Weise [&hellip;]<\/p>\n","protected":false},"author":1,"featured_media":0,"parent":0,"menu_order":0,"comment_status":"closed","ping_status":"closed","template":"elementor_canvas","meta":{"footnotes":""},"class_list":["post-231","page","type-page","status-publish","hentry"],"_links":{"self":[{"href":"https:\/\/nixlarge.com\/index.php\/wp-json\/wp\/v2\/pages\/231","targetHints":{"allow":["GET"]}}],"collection":[{"href":"https:\/\/nixlarge.com\/index.php\/wp-json\/wp\/v2\/pages"}],"about":[{"href":"https:\/\/nixlarge.com\/index.php\/wp-json\/wp\/v2\/types\/page"}],"author":[{"embeddable":true,"href":"https:\/\/nixlarge.com\/index.php\/wp-json\/wp\/v2\/users\/1"}],"replies":[{"embeddable":true,"href":"https:\/\/nixlarge.com\/index.php\/wp-json\/wp\/v2\/comments?post=231"}],"version-history":[{"count":24,"href":"https:\/\/nixlarge.com\/index.php\/wp-json\/wp\/v2\/pages\/231\/revisions"}],"predecessor-version":[{"id":262,"href":"https:\/\/nixlarge.com\/index.php\/wp-json\/wp\/v2\/pages\/231\/revisions\/262"}],"wp:attachment":[{"href":"https:\/\/nixlarge.com\/index.php\/wp-json\/wp\/v2\/media?parent=231"}],"curies":[{"name":"wp","href":"https:\/\/api.w.org\/{rel}","templated":true}]}}